{"id":1752,"date":"2018-06-13T15:15:52","date_gmt":"2018-06-13T19:15:52","guid":{"rendered":"http:\/\/caribewave.uprm.edu\/?page_id=1752"},"modified":"2024-02-13T21:11:00","modified_gmt":"2024-02-13T21:11:00","slug":"spanish-informacion-lantex15","status":"publish","type":"page","link":"https:\/\/caribewave.uprm.edu\/index.php\/spanish-informacion-simulacros\/spanish-informacion-lantex15\/","title":{"rendered":"CARIBEWAVE\/LANTEX 2015"},"content":{"rendered":"<div class=\"wpb-content-wrapper\"><p>[vc_row][vc_column][vc_column_text]<\/p>\n<h1 align=\"left\">CARIBEWAVE\/LANTEX 2015<br \/>\n<span style=\"font-size: small;\">El d\u00eda 25 de marzo del 2015 a las 10:00 A.M.<\/span><\/h1>\n<p>[\/vc_column_text][vc_column_text]<span style=\"font-size: medium;\"><b>Prop\u00f3sito:<br \/>\n<\/b><\/span><\/p>\n<p>El prop\u00f3sito de este ejercicio es mejorar la efectividad del sistema de aviso de maremoto en Puerto Rico e Islas V\u00edrgenes, a lo largo de la costa atl\u00e1ntica de E.U. y Canad\u00e1 y el Golfo de M\u00e9xico. El ejercicio provee una oportunidad para las organizaciones de manejo de emergencia a lolargo de la costa atl\u00e1ntica y PR\/IV para ejercitar sus l\u00edneas operacionales de comunicaci\u00f3n, revisar sus procedimientos de respuesta a maremoto y promover la preparaci\u00f3n a maremotos. El ejercicio regular de planes de respuesta es crucial para mantener la preparaci\u00f3n para una emergencia. Esto es particularmente cierto para maremoto que son eventos infrecuentes pero de gran impacto. Cada organizaci\u00f3n de manejo de emergencia es bienvenida a participar.[\/vc_column_text][\/vc_column][\/vc_row][vc_row][vc_column][vc_column_text]<span style=\"font-size: medium;\"><b>Resumen:<br \/>\n<\/b><\/span><\/p>\n<p>El ejercicio conjunto de tsunami CARIBEWAVE\/LANTEX 2015 consiste de la simulaci\u00f3n de un terremoto (regional para Puerto Rico e Islas V\u00edrgenes) en la costa de Panam\u00e1 en el Mar Caribe que causa a su vez un tsunami. Este simulacro de tsunami cont\u00f3 con dos escenarios: uno para el Caribe (Escenario del Caribe Suroccidental) y uno para la regi\u00f3n del Atl\u00e1ntico de Estados Unidos y Canad\u00e1 (Escenario de Florida).<\/p>\n<p>La RSPR utiliz\u00f3 el Escenario del Caribe Suroccidental para el ejercicio de comunicaciones realizado en la Regi\u00f3n de Puerto Rico e Islas V\u00edrgenes. En este escenario el tsunami es generado por un Terremoto al norte de Panam\u00e1. Seg\u00fan el esquema general el ejercicio, para Puerto Rico e Islas V\u00edrgenes, comienza con un gran terremoto de magnitud 8.5 ubicado en la latitud 10.3 \u00ba N y la longitud 78.8 \u00ba O a una profundidad de 15 km con epicentro al Norte de Panam\u00e1. El terremoto regional se origina el 25 de marzo de 2015 a las 14:00 UTC (10:00 am, hora local de Puerto Rico). Inmediatamente se genera un tsunami causado por el desplazamiento del suelo marino o levantamiento (\u201cuplift\u201d) de la falla geol\u00e1gica causante del terremoto. El ancho del desplazamiento o ruptura de la falla es de 60 km y la longitud del bloque es de 182 km.[\/vc_column_text][\/vc_column][\/vc_row][vc_row][vc_column][vc_column_text]<\/p>\n<h2 align=\"center\"><b>El ejercicio de comunicaciones se llev\u00f3 a cabo<br \/>\nel d\u00eda 25 de marzo del 2015 a las 10:00am.<\/b><\/h2>\n<p>[\/vc_column_text][\/vc_column][\/vc_row][vc_row][vc_column][vc_column_text]<\/p>\n<ul>\n<li><span style=\"font-size: medium;\"><b>Documentos Generales<br \/>\n<\/b><\/span><\/p>\n<ul>\n<li><a href=\"http:\/\/caribewave.uprm.edu\/wp-content\/uploads\/2018\/06\/Descripcion_del_Terremoto_2015.pdf\">Descripci\u00f3n del Terremoto 2015<\/a><\/li>\n<li><a href=\"http:\/\/caribewave.uprm.edu\/wp-content\/uploads\/2018\/06\/Descripcion_del_Tsunami_2015.pdf\">Descripci\u00f3n del Tsunami 2015<\/a><\/li>\n<li><a href=\"http:\/\/caribewave.uprm.edu\/wp-content\/uploads\/2018\/06\/Esquema_general_del_Ejercicio_2015.pdf\">Esquema general del Ejercicio 2015<\/a><\/li>\n<\/ul>\n<\/li>\n<\/ul>\n<p>[\/vc_column_text][vc_column_text]<span style=\"font-size: medium;\"><b>Presentaciones<br \/>\n<\/b><\/span><\/p>\n<ul>\n<li><a href=\"http:\/\/caribewave.uprm.edu\/wp-content\/uploads\/2018\/06\/LANTEX15_RSPR.pdf\">Presentaci\u00f3n de la RSPR sobre el Ejercicio CARIBEWAVE\/LANTEX 15<\/a><\/li>\n<li><a href=\"http:\/\/caribewave.uprm.edu\/wp-content\/uploads\/2018\/06\/CaribeWave-2015-Webinar1-English-Final-1.pdf\">Presentaci\u00f3n de CTWP Webinar I Ejercicio CARIBEWAVE\/LANTEX 15<\/a><\/li>\n<li><a href=\"http:\/\/caribewave.uprm.edu\/wp-content\/uploads\/2018\/06\/CaribeWave_Lantex_2015_Webinar_2_Espanol-1.pdf\">Presentaci\u00f3n de CTWP Webinar II Ejercicio CARIBEWAVE\/LANTEX 15<\/a><\/li>\n<\/ul>\n<p>[\/vc_column_text][vc_column_text]<span style=\"font-size: medium;\"><b>Niveles de Mensajer\u00eda<br \/>\n<\/b><\/span><br \/>\n<b>Tablas de los niveles de alerta de tsunami para Puerto Rico y el Caribe<\/b><\/p>\n<ul>\n<li><a href=\"http:\/\/caribewave.uprm.edu\/wp-content\/uploads\/2018\/03\/Niveles_alertas.pdf\">Para ver tablas de los niveles de alerta haga click aqui..<\/a><\/li>\n<\/ul>\n<p>[\/vc_column_text][vc_column_text]<span style=\"font-size: medium;\"><b>Semana de Preparaci\u00f3n y Educaci\u00f3n de Tsunamis en Puerto Rico<br \/>\n<\/b><\/span><br \/>\n<b>Proclama Oficial del Gobernador de Puerto Rico para la Semana de la Preparaci\u00f3n y Educaci\u00f3n en Tsunamis<\/b><\/p>\n<p>El Gobierno del Estado Libre Asociado de Puerto Rico ha declarado la semana del 22 al 28 de marzo como la Semana de Preparaci\u00f3n y Educaci\u00f3n de Tsunamis en Puerto Rico.[\/vc_column_text][vc_column_text]<span style=\"font-size: medium;\"><b>Para la Prensa y Medios de Comunicaci\u00f3n<\/b><\/span><\/p>\n<ul>\n<li><a href=\"http:\/\/caribewave.uprm.edu\/wp-content\/uploads\/2018\/06\/Prueba_LANTEX15_23_MARZO_2_dias.pdf\">Quedan s\u00f3lo 2 d\u00edas para el Ejercicio CARIBEWAVE\/LANTEX 2015<\/a><\/li>\n<li><a href=\"http:\/\/caribewave.uprm.edu\/wp-content\/uploads\/2018\/06\/Test_LANTEX15_March-23_2_days.pdf\">Only 2 days left to CARIBEWAVE\/LANTEX 2015 Exercise<\/a><\/li>\n<li><a href=\"http:\/\/caribewave.uprm.edu\/wp-content\/uploads\/2018\/06\/Anuncio_LANTEX_2015.pdf\">Anuncio Lantex 2015<\/a><\/li>\n<li><a href=\"http:\/\/caribewave.uprm.edu\/wp-content\/uploads\/2018\/06\/Comunicado-Lantex-Marzo-2015-.pdf\">Red S\u00edsmica destaca importancia del Ejercicio Conjunto de Tsunami CARIBEWAVE\/LANTEX15<\/a><\/li>\n<li><a href=\"http:\/\/caribewave.uprm.edu\/wp-content\/uploads\/2018\/06\/Sample-Press-Release-for-Local-Media_LANTEX15.pdf\">Sample press release for local media CaribeWave\/Lantex 15<\/a><\/li>\n<li><a href=\"http:\/\/caribewave.uprm.edu\/wp-content\/uploads\/2018\/06\/Ejemplo-de-Comunicado-de-Prensa-Lantex15.pdf\">Ejemplo de comunicado de prensa Caribewave\/Lantex15<\/a><\/li>\n<li><a href=\"http:\/\/caribewave.uprm.edu\/wp-content\/uploads\/2018\/06\/Hoja_Informativa_LANTEX15_RSPR.pdf\">Hoja informativa para CaribeWave\/Lantex 15<\/a><\/li>\n<li><a href=\"http:\/\/caribewave.uprm.edu\/wp-content\/uploads\/2018\/06\/Information_Sheet_LANTEX15_RSPR.pdf\">Information sheet for CaribeWave\/Lantex 15<\/a><\/li>\n<li><a href=\"http:\/\/caribewave.uprm.edu\/wp-content\/uploads\/2018\/06\/lantexPromo_publico.pdf\">Hoja informativa \u00bfPor qu\u00e9 participar?<\/a><\/li>\n<li><a href=\"http:\/\/caribewave.uprm.edu\/wp-content\/uploads\/2018\/06\/lantexPromo_english.pdf\">Information Sheet \u00bfWhy should participate?<\/a><\/li>\n<li><a href=\"http:\/\/caribewave.uprm.edu\/wp-content\/uploads\/2018\/06\/EAS-Comunicado-Caribe-LANTEX-2015-rev.pdf\">EAS comunicado de prensa conjunto<\/a><\/li>\n<\/ul>\n<p>[\/vc_column_text][vc_column_text]<span style=\"font-size: medium;\"><b>Para la Participaci\u00f3n en Simulacros o Ejercicios Funcionales<br \/>\n<\/b><\/span><br \/>\n<b>Evaluaci\u00f3n de desalojo para municipios y escuelas en areas costeras<\/b><\/p>\n<ul>\n<li><a href=\"http:\/\/caribewave.uprm.edu\/wp-content\/uploads\/2018\/06\/Evaluacion_simulacro_Costero_tsunamis.pdf\">Para ver la evaluaci\u00f3n de desalojo oprima aqu\u00ed&#8230;<\/a><\/li>\n<\/ul>\n<p><b>Evaluaci\u00f3n de desalojo para municipios y escuelas en areas NO costeras<\/b><\/p>\n<ul>\n<li><a href=\"http:\/\/caribewave.uprm.edu\/wp-content\/uploads\/2018\/06\/Evaluacion_Simulacro_No_costero_Terremoto.pdf\">Para ver la evaluaci\u00f3n de desalojo oprima aqu\u00ed&#8230;<\/a><\/li>\n<\/ul>\n<p><b>Plan de Emergencias<\/b><\/p>\n<ul>\n<li><a href=\"http:\/\/caribewave.uprm.edu\/wp-content\/uploads\/2018\/06\/PlanDeEmergencias.pdf\">Para ver el plan de emergencia familiar oprima aqu\u00ed&#8230;<\/a><\/li>\n<li><a href=\"http:\/\/caribewave.uprm.edu\/wp-content\/uploads\/2018\/06\/Info_plan_emergencias.pdf\">Para ayuda con plan familiar&#8230;<\/a><\/li>\n<li><a href=\"http:\/\/caribewave.uprm.edu\/wp-content\/uploads\/2018\/06\/info_plan_salon.pdf\">Para plan dirigido al Sal\u00f3n de clases&#8230;<\/a><\/li>\n<\/ul>\n<p><b>Lista de control relativa a las responsabilidades de desalojo en caso de tsunami distante<\/b><\/p>\n<ul>\n<li><a href=\"http:\/\/caribewave.uprm.edu\/wp-content\/uploads\/2018\/06\/LISTA_DE_CONTROL_EN_CASO_DE_TSUNAMI.pdf\">Para ver la lista de control haga click aqu\u00ed&#8230;<\/a><\/li>\n<\/ul>\n<p><b>Distant Tsunami Evacuation Responsabilities Checklist for Government Disaster Response Agencies<\/b><\/p>\n<ul>\n<li><a href=\"http:\/\/caribewave.uprm.edu\/wp-content\/uploads\/2018\/06\/DistantTsunamiEvacuationResponsibilitesChecklist.pdf\">To access the checklist please click here&#8230;<\/a><\/li>\n<\/ul>\n<p>[\/vc_column_text][vc_column_text]<span style=\"font-size: medium;\"><b>Para Ejercicios de Comunicaci\u00f3n de la RSPR<br \/>\n<\/b><\/span><br \/>\n<b>Tabla de Cronolog\u00eda de Mensajer\u00eda de Tsunami emitida para PR\/IV durante el ejercicio<\/b><\/p>\n<ul>\n<li><a href=\"http:\/\/caribewave.uprm.edu\/wp-content\/uploads\/2018\/06\/Tabla-cronologica-RSPR-LANTEX-15-1.pdf\">Para ver tabla cronol\u00f3gica haga click aqu\u00ed&#8230;<\/a><\/li>\n<\/ul>\n<p><b>Evaluaci\u00f3n de comunicaciones para Control Estatal de AEMEAD en Puerto Rico<\/b><\/p>\n<ul>\n<li><a href=\"http:\/\/caribewave.uprm.edu\/wp-content\/uploads\/2018\/06\/Tabla_LANTEX15_control_estatal_aemead.pdf\">Para ver la evaluaci\u00f3n de comunicaciones haga click aqu\u00ed&#8230;<\/a><\/li>\n<\/ul>\n<p><b>Evaluaci\u00f3n de comunicaciones para Zonas de AEMEAD, OMME&#8217;s y Puntos Focales de Alerta de Tsunami en Puerto Rico<\/b><\/p>\n<ul>\n<li><a href=\"http:\/\/caribewave.uprm.edu\/wp-content\/uploads\/2018\/06\/Tabla_LANTEX15_ommes_y_zonas_aemead_y_TWFP.pdf\">Para ver la evaluaci\u00f3n de comunicaciones haga click aqu\u00ed&#8230;<\/a><\/li>\n<\/ul>\n<p><b>Evaluaci\u00f3n de comunicaciones para otras agencias de emergencia en Puerto Rico e Islas V\u00edrgenes<\/b><\/p>\n<ul>\n<li><a href=\"http:\/\/caribewave.uprm.edu\/wp-content\/uploads\/2018\/06\/Tabla_LANTEX15_otras_agencias_emergencia.pdf\">Para ver la evaluaci\u00f3n de comunicaciones haga click aqu\u00ed&#8230;<\/a><\/li>\n<\/ul>\n<p><b>Evaluaci\u00f3n de comunicaciones para otras agencias y p\u00fablico general en Puerto Rico e Islas V\u00edrgenes<\/b><\/p>\n<ul>\n<li><a href=\"http:\/\/caribewave.uprm.edu\/wp-content\/uploads\/2018\/06\/Tabla_LANTEX15_participantes_general.pdf\">Para ver las evaluaciones de comunicaciones haga click aqu\u00ed&#8230;<\/a><\/li>\n<\/ul>\n<p>[\/vc_column_text][vc_column_text]<span style=\"font-size: medium;\"><b>Evaluaci\u00f3n General Final del Ejercicio<br \/>\n<\/b><\/span><br \/>\n<b>Evaluaci\u00f3n general final<\/b><\/p>\n<p>Se ruega a los organismos participantes a proporcionar una breve evaluaci\u00f3n sobre el ejercicio. Sus comentarios ayudar\u00f3n al ICG\/CARIBE- EWS, NTHMP, y la NOAA en la evaluaci\u00f3n del CaribeWave 2016. As\u00ed como en el desarrollo de ejercicios posteriores, adem\u00e1s de ayudar a las agencias de respuesta a documentar las lecciones aprendidas.<\/p>\n<ul>\n<li><a href=\"https:\/\/www.surveymonkey.com\/r\/?sm=sP3bvqVrqYUfFfQh25kFhMKL9dIFMDKrvt5%2bNMUeYS4%3d\">Para ver la evaluaci\u00f3n oficial final haga click aqu\u00ed&#8230;<\/a><\/li>\n<\/ul>\n<p><span style=\"font-size: medium;\"><b>Evaluaci\u00f3n Final para el Ejercicio de Comunicaciones<br \/>\n<\/b><\/span><br \/>\n<b>Evaluaci\u00f3n general final de comunicaciones<\/b><\/p>\n<p>Esta evaluaci\u00f3n NO ES para ser utilizada por CONTROL ESTATAL DE AEMEAD, ZONAS DE AEMEAD, OMMES o TWFP (Puntos focales de Alerta de Tsunami en Puerto Rico). Favor de ver el enlace privado para este fin o comunicarse con el Director de Zona de AEMEAD correspondiente o con la Red S\u00edsmica de Puerto Rico.<\/p>\n<p>Esta evaluaci\u00f3n DEBE SER COMPLETADA y UTILIZADA por todas aquellas agencias primarias y secundarias de respuesta a emergencia (COE-PR, Bomberos, Polic\u00eda, 911, Emergencias M\u00e9dicas, AEE, entre otras) para otras agencias estatales, federales, p\u00fablicas y privadas, as\u00ed como para las comunidades y el p\u00fablico general en Puerto Rico e Islas V\u00edrgenes.[\/vc_column_text][\/vc_column][\/vc_row]<\/p>\n<\/div>","protected":false},"excerpt":{"rendered":"<p>[vc_row][vc_column][vc_column_text] CARIBEWAVE\/LANTEX 2015 El d\u00eda 25 de marzo del 2015 a las 10:00 A.M. [\/vc_column_text][vc_column_text]Prop\u00f3sito: El prop\u00f3sito de este ejercicio es mejorar la efectividad del sistema de aviso de maremoto en Puerto Rico e Islas V\u00edrgenes, a lo largo de la costa atl\u00e1ntica de E.U. y Canad\u00e1 y el Golfo de M\u00e9xico. El ejercicio provee&hellip;<\/p>\n","protected":false},"author":1,"featured_media":0,"parent":1887,"menu_order":0,"comment_status":"closed","ping_status":"closed","template":"","meta":{"footnotes":""},"class_list":["post-1752","page","type-page","status-publish","hentry","description-off"],"_links":{"self":[{"href":"https:\/\/caribewave.uprm.edu\/index.php\/wp-json\/wp\/v2\/pages\/1752","targetHints":{"allow":["GET"]}}],"collection":[{"href":"https:\/\/caribewave.uprm.edu\/index.php\/wp-json\/wp\/v2\/pages"}],"about":[{"href":"https:\/\/caribewave.uprm.edu\/index.php\/wp-json\/wp\/v2\/types\/page"}],"author":[{"embeddable":true,"href":"https:\/\/caribewave.uprm.edu\/index.php\/wp-json\/wp\/v2\/users\/1"}],"replies":[{"embeddable":true,"href":"https:\/\/caribewave.uprm.edu\/index.php\/wp-json\/wp\/v2\/comments?post=1752"}],"version-history":[{"count":1,"href":"https:\/\/caribewave.uprm.edu\/index.php\/wp-json\/wp\/v2\/pages\/1752\/revisions"}],"predecessor-version":[{"id":4557,"href":"https:\/\/caribewave.uprm.edu\/index.php\/wp-json\/wp\/v2\/pages\/1752\/revisions\/4557"}],"up":[{"embeddable":true,"href":"https:\/\/caribewave.uprm.edu\/index.php\/wp-json\/wp\/v2\/pages\/1887"}],"wp:attachment":[{"href":"https:\/\/caribewave.uprm.edu\/index.php\/wp-json\/wp\/v2\/media?parent=1752"}],"curies":[{"name":"wp","href":"https:\/\/api.w.org\/{rel}","templated":true}]}}