{"id":1826,"date":"2018-06-14T14:06:41","date_gmt":"2018-06-14T18:06:41","guid":{"rendered":"http:\/\/caribewave.uprm.edu\/?page_id=1826"},"modified":"2024-02-13T21:13:51","modified_gmt":"2024-02-13T21:13:51","slug":"lantex2012","status":"publish","type":"page","link":"https:\/\/caribewave.uprm.edu\/index.php\/spanish-informacion-simulacros\/lantex2012\/","title":{"rendered":"Caribe Wave\/LANTEX 2012"},"content":{"rendered":"<div class=\"wpb-content-wrapper\"><p>[vc_row][vc_column][vc_column_text]<\/p>\n<h1 align=\"left\">CARIBEWAVE\/LANTEX 2012<br \/>\n<span style=\"font-size: small;\">El d\u00eda 28 de marzo del 2012 a las 9:00 A.M.<\/span><\/h1>\n<p>[\/vc_column_text][vc_column_text]<span style=\"font-size: medium;\"><b>Prop\u00f3sito:<br \/>\n<\/b><\/span><span lang=\"ES-PR\">El prop\u00f3sito de este ejercicio es mejorar la efectividad del sistema de aviso de maremoto en Puerto Rico e Islas V\u00edrgenes, a lo largo de la costa atl\u00e1ntica de E.U. y Canad\u00e1 y el Golfo de M\u00e9jico. El ejercicio provee una oportunidad para las organizaciones de manejo de emergencia a lo largo de la costa atl\u00e1ntica y PR\/IV para ejercitar sus l\u00edneas operacionales de comunicaci\u00f3n, revisar sus procedimientos de respuesta a maremoto y promover la preparaci\u00f3n a maremotos. El ejercicio regular de planes de respuesta es crucial para mantener la preparaci\u00f3n para una emergencia. Esto es particularmente cierto para maremoto que son eventos infrecuentes pero de gran impacto. Cada organizaci\u00f3n de manejo de emergencia es bienvenida a participar.\u00a0<\/span>[\/vc_column_text][\/vc_column][\/vc_row][vc_row][vc_column][vc_column_text]<span style=\"font-size: medium;\"><b>Resumen:<br \/>\n<\/b><\/span><\/p>\n<p>El ejercicio de tsunami LANTEX 12 brind\u00f3 dos escenarios distintos. \u00a0El primer escenario simul\u00f3 un terremoto en el Golfo de M\u00e9xico (al oeste de Florida, EU), causando a su vez un tsunami mediante la generaci\u00f3n de un deslizamiento submarino en el talud continental. \u00a0El segundo escenario simul\u00f3 un terremoto localizado al este de Carolina del Sur (EU), que tambi\u00e9n caus\u00f3 un tsunami mediante -la generaci\u00f3n de un deslizamiento submarino a lo largo del talud continental. Ambos terremotos ocurrieron el 28 de marzo de 2012 a las 13:00 UTC (9:00 am, hora local de Puerto Rico) y las advertencias iniciales fueron emitidas a las 13:04 UTC (9:04 am, hora local de Puerto Rico).<\/p>\n<p>En Puerto Rico e Islas V\u00edrgenes el escenario que se utiliz\u00f3 fue el segundo, un terremoto de magnitud 7.7 localizado a 125 km al SE de Myrtle Beach, Carolina del Sur, EU.[\/vc_column_text][\/vc_column][\/vc_row][vc_row][vc_column][vc_column_text]<\/p>\n<h2 align=\"center\"><b>El ejercicio de comunicaciones se llev\u00f3 a cabo<br \/>\nel d\u00eda 28 de marzo del 2012 a las 9:00am.<\/b><\/h2>\n<p>[\/vc_column_text][\/vc_column][\/vc_row][vc_row][vc_column][vc_column_text]<span style=\"font-size: medium;\"><b>Presentaciones<br \/>\n<\/b><\/span><\/p>\n<ul>\n<li><a href=\"http:\/\/caribewave.uprm.edu\/wp-content\/uploads\/2018\/06\/LANTEX12_RSPR.pdf\">Presentaci\u00f3n General de la Red S\u00edsmica de Puerto Rico<\/a><\/li>\n<li><a href=\"http:\/\/caribewave.uprm.edu\/wp-content\/uploads\/2018\/06\/LANTEX_2012_ENGLISH.pdf\">Presentation on Lantex12 in English by the CTWP<\/a><\/li>\n<\/ul>\n<p>[\/vc_column_text][vc_column_text]<span style=\"font-size: medium;\"><b>Modelos de Comunicados de Prensa:<br \/>\n<\/b><\/span><\/p>\n<ul>\n<li><a href=\"http:\/\/caribewave.uprm.edu\/wp-content\/uploads\/2018\/06\/Sample_Press_Release_for_Local_Media_LANTEX12.pdf\">For the Sample Press Release for Local Media press here..<\/a><\/li>\n<li><a href=\"http:\/\/caribewave.uprm.edu\/wp-content\/uploads\/2018\/06\/Ejemplo_de_Comunicado_de_Prensa_Lantex12.pdf\">Modelo de Comunicado de Prensa en Espa\u00f1ol<\/a><\/li>\n<\/ul>\n<p>[\/vc_column_text][vc_column_text]<span style=\"font-size: medium;\"><b>Para Municipios Tsunami Ready:<br \/>\n<\/b><\/span><\/p>\n<ul>\n<li><a href=\"http:\/\/caribewave.uprm.edu\/wp-content\/uploads\/2018\/06\/formEvaluacion-Simulacro.Final_-2.pdf\">Evaluaci\u00f3n de Simulacros<\/a><\/li>\n<li><a href=\"http:\/\/caribewave.uprm.edu\/wp-content\/uploads\/2018\/06\/Participacion_municpios_TR_tabla_actualizada_2012.pdf\">Participaci\u00f3n de los Municipios Tsunami Ready<\/a><\/li>\n<\/ul>\n<p>[\/vc_column_text][vc_column_text]<span style=\"font-size: medium;\"><b>Para ejercicios de comunicaci\u00f3n:<br \/>\n<\/b><\/span><\/p>\n<ul>\n<li><a href=\"http:\/\/caribewave.uprm.edu\/wp-content\/uploads\/2018\/06\/Tabla_cronologica_RSPR_LANTEX_12.pdf\">Tabla cron\u00f3lgica de Mensajer\u00eda para PR\/IV<\/a><\/li>\n<li><a href=\"http:\/\/caribewave.uprm.edu\/wp-content\/uploads\/2018\/06\/Tabla_LANTEX12_ommes_aemead.pdf\">Evaluaci\u00f3n de Comunicaciones para Puerto Rico(para AEMEAD, Zonas AEMEAD y OMME&#8217;s)<\/a><\/li>\n<li><a href=\"http:\/\/caribewave.uprm.edu\/wp-content\/uploads\/2018\/06\/Tabla_LANTEX12_OTRAS_AGENCIAS_EMERGENCIA.pdf\">Evaluaci\u00f3n de Comunicaci\u00f3n para Puerto Rico(otras agencias de emergencia)<\/a><\/li>\n<\/ul>\n<p>[\/vc_column_text][vc_column_text]<span style=\"font-size: medium;\"><b>Manuales:<\/b><\/span><\/p>\n<ul>\n<li><a href=\"http:\/\/caribewave.uprm.edu\/wp-content\/uploads\/2018\/06\/Lantex12Final.pdf\">Manual del Participante del WCATWC (English)<\/a><\/li>\n<li><a href=\"http:\/\/caribewave.uprm.edu\/wp-content\/uploads\/2018\/06\/Guia_de_Puerto_Rico_LANTEX-12_Final.pdf\">Gu\u00eda del Ejercicio Conjunto LANTEX12 de la RSPR (Espa\u00f1ol)<\/a><\/li>\n<li><a href=\"http:\/\/caribewave.uprm.edu\/wp-content\/uploads\/2018\/06\/PRSN_Response_Guide_LANTEX12_Final.pdf\">PRSN Guide for the LANTEX12 Exercise (English)<\/a><\/li>\n<\/ul>\n<p>[\/vc_column_text][vc_column_text]<span style=\"font-size: medium;\"><b>Informe Final:<br \/>\n<\/b><\/span><\/p>\n<ul>\n<li><a href=\"http:\/\/caribewave.uprm.edu\/wp-content\/uploads\/2018\/06\/Informe-ejercicio-LANTEX12.pdf\">Informe de la Red S\u00edsmica para el ejercicio Lantex 12<\/a><\/li>\n<\/ul>\n<p>[\/vc_column_text][vc_column_text]<span style=\"font-size: medium;\"><b>Otros Documentos:<br \/>\n<\/b><\/span><\/p>\n<ul>\n<li><a href=\"http:\/\/caribewave.uprm.edu\/wp-content\/uploads\/2018\/06\/PROCLAMA-LANTEX-2012.pdf\">Proclama Oficial del Gobernador de Puerto Rico para la Semana de la Preparaci\u00f3n y Educaci\u00f3n en Tsunami<\/a><\/li>\n<li><a href=\"http:\/\/caribewave.uprm.edu\/wp-content\/uploads\/2018\/06\/Comunicado_LANTEX12_RSPR-Rev.pdf\">Comunicado de Prensa<\/a><\/li>\n<li><a href=\"http:\/\/caribewave.uprm.edu\/wp-content\/uploads\/2018\/06\/niveles.pdf\">Niveles de Alerta de tsunamis(Poster 2010)<\/a><\/li>\n<\/ul>\n<p>[\/vc_column_text][\/vc_column][\/vc_row][vc_row][vc_column][\/vc_column][\/vc_row]<\/p>\n<\/div>","protected":false},"excerpt":{"rendered":"<p>[vc_row][vc_column][vc_column_text] CARIBEWAVE\/LANTEX 2012 El d\u00eda 28 de marzo del 2012 a las 9:00 A.M. [\/vc_column_text][vc_column_text]Prop\u00f3sito: El prop\u00f3sito de este ejercicio es mejorar la efectividad del sistema de aviso de maremoto en Puerto Rico e Islas V\u00edrgenes, a lo largo de la costa atl\u00e1ntica de E.U. y Canad\u00e1 y el Golfo de M\u00e9jico. El ejercicio provee&hellip;<\/p>\n","protected":false},"author":1,"featured_media":0,"parent":1887,"menu_order":0,"comment_status":"closed","ping_status":"closed","template":"","meta":{"footnotes":""},"class_list":["post-1826","page","type-page","status-publish","hentry","description-off"],"_links":{"self":[{"href":"https:\/\/caribewave.uprm.edu\/index.php\/wp-json\/wp\/v2\/pages\/1826","targetHints":{"allow":["GET"]}}],"collection":[{"href":"https:\/\/caribewave.uprm.edu\/index.php\/wp-json\/wp\/v2\/pages"}],"about":[{"href":"https:\/\/caribewave.uprm.edu\/index.php\/wp-json\/wp\/v2\/types\/page"}],"author":[{"embeddable":true,"href":"https:\/\/caribewave.uprm.edu\/index.php\/wp-json\/wp\/v2\/users\/1"}],"replies":[{"embeddable":true,"href":"https:\/\/caribewave.uprm.edu\/index.php\/wp-json\/wp\/v2\/comments?post=1826"}],"version-history":[{"count":1,"href":"https:\/\/caribewave.uprm.edu\/index.php\/wp-json\/wp\/v2\/pages\/1826\/revisions"}],"predecessor-version":[{"id":4560,"href":"https:\/\/caribewave.uprm.edu\/index.php\/wp-json\/wp\/v2\/pages\/1826\/revisions\/4560"}],"up":[{"embeddable":true,"href":"https:\/\/caribewave.uprm.edu\/index.php\/wp-json\/wp\/v2\/pages\/1887"}],"wp:attachment":[{"href":"https:\/\/caribewave.uprm.edu\/index.php\/wp-json\/wp\/v2\/media?parent=1826"}],"curies":[{"name":"wp","href":"https:\/\/api.w.org\/{rel}","templated":true}]}}