{"id":61,"date":"2016-02-19T16:46:49","date_gmt":"2016-02-19T20:46:49","guid":{"rendered":"http:\/\/wordpress.uprm.edu\/caribewave\/?page_id=61"},"modified":"2026-03-05T00:30:11","modified_gmt":"2026-03-05T00:30:11","slug":"como-participar","status":"publish","type":"page","link":"https:\/\/caribewave.uprm.edu\/index.php\/puerto-rico\/como-participar\/","title":{"rendered":"C\u00f3mo participar"},"content":{"rendered":"<div class=\"wpb-content-wrapper\"><p>[vc_row][vc_column width=&#8221;2\/3&#8243;][vc_custom_heading text=&#8221;\u00bfC\u00f3mo Participar?&#8221; font_container=&#8221;tag:h1|text_align:left&#8221; google_fonts=&#8221;font_family:Montserrat%3Aregular%2C700|font_style:400%20regular%3A400%3Anormal&#8221;][vc_column_text]La Red S\u00edsmica de Puerto Rico exhorta a todas las agencias estatales, federales, privadas, entidades educativas, facilidades de salud, medios de comunicaci\u00f3n, comunidades, familias y personas (de forma individual) en la regi\u00f3n de Puerto Rico y las Islas V\u00edrgenes a participar del\u00a0<strong>Ejercicio CARIBE WAVE 2026<\/strong>.\u00a0 Al participar de este ejercicio, podr\u00e1n probar sus sistemas de comunicaci\u00f3n de emergencias, sus planes de respuesta a emergencias y sus planes de desalojo, entre otras actividades que les ayuden a prepararse para enfrentar un tsunami en nuestra regi\u00f3n. <strong>Cada agencia o persona debe registrarse y evaluar las formas de participar en las actividades sugeridas en esta p\u00e1gina web\u00a0<\/strong>y en el Manual Oficial del Participante del IOC para el Ejercicio CARIBE WAVE 2026.\u00a0 Adem\u00e1s, deben determinar el tipo de participaci\u00f3n seg\u00fan los recursos que tengan disponibles.\u00a0 En esta p\u00e1gina, dedicada al ejercicio de comunicaciones, brindamos m\u00e1s ideas de c\u00f3mo pueden participar espec\u00edficamente las agencias de emergencia, escuelas y municipios TsunamiReady.<\/p>\n<p>En general, pueden participar de la siguiente forma:<\/p>\n<ol>\n<li>Registrarse en el Ejercicio en:\u00a0<a href=\"http:\/\/caribewave.uprm.edu\/\">http:\/\/caribewave.uprm.edu<\/a>\u00a0o\u00a0<a href=\"https:\/\/www.tsunamizone.org\/puertorico\/\">https:\/\/www.tsunamizone.org\/puertorico\/<\/a><\/li>\n<li>Relacionarse, antes del ejercicio, con el escenario y los mensajes oficiales de la RSPR y el PTWC. Para esto, visite la p\u00e1gina oficial de la RSPR <a href=\"http:\/\/caribewave.uprm.edu\/\">http:\/\/caribewave.uprm.edu<\/a>.<\/li>\n<li>Realizar durante el ejercicio (19 de marzo de 2026) al menos una de las pruebas de comunicaciones (por los diversos medios que tengan disponibles) y documentar los tiempos de respuesta a estas pruebas. Algunas pruebas que pueden realizar durante CARIBE WAVE 2026, son:\n<ol>\n<li>Observar la activaci\u00f3n del\u00a0<strong>EAS<\/strong>\u00a0(por Radio, TV y Cable)<\/li>\n<li>Observar la activaci\u00f3n del\u00a0<strong>Radio NOAA<\/strong>\u00a0(si tienen disponible)<\/li>\n<li>Observar la activaci\u00f3n del\u00a0<strong>WEA<\/strong><\/li>\n<li>Estar al pendiente de la activaci\u00f3n de las\u00a0<strong>sirenas costeras<\/strong>\u00a0(para aquellos municipios que tienen sirenas instaladas y funcionales)<\/li>\n<li>Observar la mensajer\u00eda emitida por la RSPR a trav\u00e9s de su p\u00e1gina de internet oficial\u00a0<a href=\"http:\/\/redsismica.uprm.edu\/\">http:\/\/redsismica.uprm.edu<\/a><\/li>\n<li>Seguir la publicaci\u00f3n de mensajer\u00eda a trav\u00e9s de las redes sociales de la RSPR (Facebook y Twitter)<\/li>\n<\/ol>\n<\/li>\n<li>Coordinar la realizaci\u00f3n de uno de los 5 tipos de ejercicio en su \u00e1rea, regi\u00f3n o municipio (documentarlo e informarlo a la RSPR, NMEAD-PR, VITEMA-USVI o DDM-BVI):\n<ol>\n<li>Orientaci\u00f3n<\/li>\n<li>Simulacro (\u00abdrill\u00bb)<\/li>\n<li>Ejercicio de simulaci\u00f3n o ejercicio de mesa (\u00abtabletop\u00bb)<\/li>\n<li>Ejercicio funcional (\u00abFunctional Exercise\u00bb):<\/li>\n<li>Ejercicio integral (\u00abFull-Scale Exercise\u00bb)<\/li>\n<\/ol>\n<\/li>\n<\/ol>\n<p>De llevar a cabo simulacros, deben revisar y probar sus planes de emergencia y comunicaciones de emergencia, as\u00ed como medir los tiempos de respuesta a una emergencia.<\/p>\n<ol>\n<li>El p\u00fablico general puede adem\u00e1s realizar o participar de\u00a0<strong>discusiones, orientaciones y charlas sobre tsunamis<\/strong>. Incluso puede ver una pel\u00edcula sobre el tema y discutirla con su familia.<\/li>\n<li>Desarrollar su\u00a0<strong>plan de emergencia familiar<\/strong>\u00a0o actualizar su plan de emergencia.\u00a0 Esto incluye preparar o actualizar su\u00a0<strong>mochila de seguridad<\/strong>.<\/li>\n<li>Si vive en una comunidad costera, puede <strong>repasar su mapa y ruta de desalojo<\/strong>. Puede\u00a0<strong>caminar la ruta junto con su familia<\/strong>\u00a0hasta el lugar de encuentro.<\/li>\n<li>Completar las Evaluaciones del Ejercicio:\n<ol>\n<li>Completar las evaluaciones electr\u00f3nicas de la RSPR antes del 31 de marzo de 2026 (usando como base la informaci\u00f3n recopilada en sus hojas de Evaluaci\u00f3n de Comunicaciones del Ejercicio de la Red S\u00edsmica de Puerto Rico) a trav\u00e9s de la p\u00e1gina oficial del ejercicio:<\/li>\n<\/ol>\n<\/li>\n<\/ol>\n<p><a href=\"http:\/\/caribewave.uprm.edu\/index.php\/puerto-rico\/evaluaciones\/\">http:\/\/caribewave.uprm.edu\/index.php\/puerto-rico\/evaluaciones\/<\/a><\/p>\n<ol>\n<li>NMEAD-PR debe completar la evaluaci\u00f3n oficial del ejercicio de la IOC-UNESCO antes del 3 de abril de 2026 (si aplica).<\/li>\n<\/ol>\n<p>&nbsp;<\/p>\n<p>&nbsp;[\/vc_column_text][\/vc_column][vc_column width=&#8221;1\/3&#8243;][vc_empty_space height=&#8221;55px&#8221;][vc_single_image image=&#8221;473&#8243; img_size=&#8221;medium&#8221; alignment=&#8221;center&#8221; style=&#8221;vc_box_rounded&#8221; img_link_large=&#8221;yes&#8221; css=&#8221;.vc_custom_1456869008503{padding-bottom: 12px !important;}&#8221;][vc_single_image image=&#8221;472&#8243; img_size=&#8221;medium&#8221; alignment=&#8221;center&#8221; style=&#8221;vc_box_rounded&#8221; img_link_large=&#8221;yes&#8221; css=&#8221;.vc_custom_1456869024878{padding-bottom: 12px !important;}&#8221;][vc_single_image image=&#8221;5337&#8243; img_size=&#8221;large&#8221; alignment=&#8221;center&#8221; style=&#8221;vc_box_rounded&#8221; onclick=&#8221;link_image&#8221; css=&#8221;.vc_custom_1772670559102{padding-bottom: 12px !important;}&#8221;][\/vc_column][\/vc_row][vc_row margin_top=&#8221;32&#8243;][vc_column width=&#8221;1\/3&#8243;][vc_single_image image=&#8221;471&#8243; img_size=&#8221;medium&#8221; alignment=&#8221;center&#8221; style=&#8221;vc_box_rounded&#8221; img_link_large=&#8221;yes&#8221; css=&#8221;.vc_custom_1456869019881{padding-bottom: 12px !important;}&#8221;][\/vc_column][vc_column width=&#8221;2\/3&#8243;][vc_custom_heading text=&#8221;\u00bfQui\u00e9nes Participan?&#8221; font_container=&#8221;tag:h1|text_align:left&#8221; google_fonts=&#8221;font_family:Montserrat%3Aregular%2C700|font_style:400%20regular%3A400%3Anormal&#8221;][vc_column_text]<\/p>\n<ul>\n<li>Tsunami Warning Focal Points (TWFP)<\/li>\n<li>Tsunami National Contact (TNC)<\/li>\n<li>Comunidades (en especial los Municipios TsunamiReady)<\/li>\n<li>Agencias Estatales, Federales e Internacionales<\/li>\n<li>Empresas P\u00fablicas y Privadas<\/li>\n<li>Entidades Educativas (escuelas p\u00fablicas y privadas, universidades, institutos de ense\u00f1anza, entre otros)<\/li>\n<li>Facilidades de Salud y Hospitales<\/li>\n<li>Familias y Personas en car\u00e1cter individual<\/li>\n<\/ul>\n<p>[\/vc_column_text][\/vc_column][\/vc_row][vc_row margin_top=&#8221;32&#8243;][vc_column width=&#8221;2\/3&#8243;][vc_custom_heading text=&#8221;Municipios TsunamiReady&#8221; font_container=&#8221;tag:h1|text_align:left&#8221; google_fonts=&#8221;font_family:Montserrat%3Aregular%2C700|font_style:400%20regular%3A400%3Anormal&#8221;][vc_column_text]El programa TsunamiReady\u00ae\ufe0f es uno creado por el NWS-NOAA para ayudar a las comunidades a estar mejor preparadas para salvar vidas y disminuir el da\u00f1o a la propiedad por un evento de tsunami, por lo que se exhorta a los manejadores de emergencias municipales de todos aquellos municipios costeros en Puerto Rico e Islas V\u00edrgenes a participar de la siguiente manera:<\/p>\n<ol>\n<li>Realizar la prueba de sus sistemas de comunicaci\u00f3n y m\u00e9todos de recepci\u00f3n de informaci\u00f3n de tsunami. La OMME debe recibir los mensajes de tsunami del PTWC, NMEAD, NWS o de la RSPR. Favor evaluar los siguientes medios* durante el ejercicio CARIBE WAVE 2026:\n<ul>\n<li>EMWIN<\/li>\n<li>Radio NOAA<\/li>\n<li>Radio Frecuencia NMEAD<\/li>\n<li>RSPR-RSS<\/li>\n<li>RSPR-SMS (s\u00f3lo a lista de manejadores de emergencia)<\/li>\n<li>RSPR-Email (s\u00f3lo a lista de manejadores de emergencia)<\/li>\n<li>RSPR-Llamada Autom\u00e1tica (s\u00f3lo a la lista de manejadores de emergencia)<\/li>\n<li>RSPR-P\u00e1ginas de internet\u00a0<a href=\"http:\/\/redsismica.uprm.edu\/\">http:\/\/redsismica.uprm.edu<\/a><\/li>\n<li>RSPR-Redes sociales (Facebook y Twitter)<\/li>\n<li>Radio AM\/FM y TV<\/li>\n<\/ul>\n<\/li>\n<\/ol>\n<p>* Para m\u00e1s detalles, favor de referirse a <a href=\"http:\/\/caribewave.uprm.edu\/\">EVALUACI\u00d3N DE COMUNICACIONES<\/a>.<\/p>\n<ol>\n<li>Recomendamos practicar simulacros de desalojo por tsunami en las comunidades m\u00e1s vulnerables de sus respectivos municipios, para evaluar:\n<ul>\n<li>el acceso y recorrido de las rutas de desalojo,<\/li>\n<li>revisi\u00f3n de los letreros en la ruta de desalojo,<\/li>\n<li>los tiempos estimados de desalojo de edificios y comunidades,<\/li>\n<li>la llegada al \u00e1rea fuera de la zona de desalojo (\u00e1rea verde en mapas de desalojo de tsunami)<\/li>\n<\/ul>\n<\/li>\n<li>Comprobar que el plan de desalojo por tsunami de su municipio es viable y cubre las necesidades durante y despu\u00e9s de la emergencia:\n<ul>\n<li>efectividad del \u00e1rbol de llamadas<\/li>\n<li>efectividad de diferentes sistemas de diseminaci\u00f3n de la informaci\u00f3n a la comunidad (<strong>sirenas m\u00f3viles o fijas<\/strong>, uso de radioaficionado, etc.)<\/li>\n<li>disponibilidad y activaci\u00f3n del personal primario de respuesta<\/li>\n<li>cumplimiento de los diferentes roles en la atenci\u00f3n y recuperaci\u00f3n de la emergencia<\/li>\n<\/ul>\n<\/li>\n<li>Cualquier otro tipo de participaci\u00f3n para el ejercicio CARIBE WAVE 2026 debe informarla a su Zona de NMEAD y a la Red S\u00edsmica de Puerto Rico (Tel. 787-833-8433).<\/li>\n<\/ol>\n<p>&nbsp;<\/p>\n<p>&nbsp;[\/vc_column_text][\/vc_column][vc_column width=&#8221;1\/3&#8243;][vc_row_inner][vc_column_inner][vc_single_image image=&#8221;4879&#8243; img_size=&#8221;medium&#8221; alignment=&#8221;center&#8221; onclick=&#8221;custom_link&#8221; link=&#8221;http:\/\/caribewave.uprm.edu\/wp-content\/uploads\/2025\/03\/Guia-para-operadores-2024.pdf&#8221;][\/vc_column_inner][\/vc_row_inner][vc_column_text]Descarga la Gu\u00eda para Operadores presionando sobre la imagen[\/vc_column_text][vc_single_image image=&#8221;4880&#8243; img_size=&#8221;medium&#8221; alignment=&#8221;center&#8221; onclick=&#8221;custom_link&#8221; link=&#8221;http:\/\/caribewave.uprm.edu\/wp-content\/uploads\/2025\/03\/GuiadeTsunamis_Comunidad_Maritima_2024.pdf&#8221;][vc_column_text]Descarga la Gu\u00eda de la comunidad mar\u00edtima y portuaria de Puerto Rico.[\/vc_column_text][vc_single_image image=&#8221;5153&#8243; img_size=&#8221;medium&#8221; alignment=&#8221;center&#8221; onclick=&#8221;custom_link&#8221; link=&#8221;http:\/\/caribewave.uprm.edu\/wp-content\/uploads\/2025\/03\/Guia-para-el-Desarrollo-del-Plan-de-Accion-de-Emergencia-EAP-para-Facilidades-Publicas-y-Privadas-en-Puerto-Rico.pdf&#8221;][vc_column_text]Gu\u00eda para el Desarrollo del Plan de Acci\u00f3n de Emergencia (EAP) para Facilidades Publicas y Privadas en Puerto Rico[\/vc_column_text][\/vc_column][\/vc_row][vc_row margin_top=&#8221;32&#8243;][vc_column width=&#8221;1\/3&#8243;][vc_empty_space height=&#8221;55px&#8221;][vc_single_image image=&#8221;5340&#8243; img_size=&#8221;large&#8221; alignment=&#8221;center&#8221; style=&#8221;vc_box_rounded&#8221; onclick=&#8221;link_image&#8221; css=&#8221;.vc_custom_1772670604860{padding-bottom: 12px !important;}&#8221;][vc_column_text]<\/p>\n<p style=\"text-align: justify;\">Descarga la <em>Promoci\u00f3n Para Las Escuelas<\/em> presionando sobre la imagen.<\/p>\n<p>[\/vc_column_text][\/vc_column][vc_column width=&#8221;2\/3&#8243;][vc_custom_heading text=&#8221;Escuelas&#8221; font_container=&#8221;tag:h1|text_align:left&#8221; google_fonts=&#8221;font_family:Montserrat%3Aregular%2C700|font_style:400%20regular%3A400%3Anormal&#8221;][vc_column_text]Educar sobre el tema de terremotos y tsunamis es responsabilidad de todos y todas.\u00a0 Sin embargo, ni\u00f1os, ni\u00f1as y j\u00f3venes pasan la mayor parte de su d\u00eda en la escuela, por lo que resulta de vital importancia que se hable de este tema en el plantel escolar y que todas las escuelas participen activamente de ejercicios como el CARIBE WAVE. De esta forma, la escuela asegura una mejor respuesta durante una emergencia real, minimizando as\u00ed las p\u00e9rdidas de vida del estudiantado que tiene bajo su responsabilidad. Los ejercicios sirven adem\u00e1s para determinar cu\u00e1les son las fallas que tienen que ser corregidas en el plan de emergencias escolar.\u00a0 Por otra parte, con la pr\u00e1ctica de simulacros regulares se le provee al estudiantado con las herramientas de preparaci\u00f3n para enfrentar este tipo de emergencia, minimizando el n\u00famero de personas que podr\u00edan padecer de un Trastorno de Estr\u00e9s Postraum\u00e1tico.\u00a0 El Trastorno de Estr\u00e9s Postraum\u00e1tico es una condici\u00f3n muy com\u00fan luego de una situaci\u00f3n de emergencia, como los terremotos y tsunamis.Exhortamos a las escuelas e instituciones educativas, de todos los niveles, a que participen en el ejercicio CARIBE WAVE 2026:<\/p>\n<ol>\n<li>Para probar sus planes de respuesta a emergencia y sus planes de desalojo<\/li>\n<li>Realizar uno de los 4 tipos de ejercicio:\n<ul>\n<li>Orientaci\u00f3n<\/li>\n<li>Simulacro (\u201cdrill\u201d)<\/li>\n<li>Ejercicio de simulaci\u00f3n o ejercicio de mesa (\u201ctabletop\u201d)<\/li>\n<li>Ejercicio funcional (\u201cFunctional Exercise\u201d)<\/li>\n<li>Ejercicio integral (\u201cFull-Scale Exercise\u201d)<\/li>\n<\/ul>\n<\/li>\n<li>Realizar al menos una de las pruebas de comunicaciones\n<ul>\n<li>Observar la activaci\u00f3n del Radio NOAA<\/li>\n<li>Observar la activaci\u00f3n del EAS (en radio, TV y cable)<\/li>\n<li>Observar la activaci\u00f3n del WEA<\/li>\n<li>Estar al pendiente de la activaci\u00f3n de sirenas costeras (para aquellos municipios que tienen disponibles)<\/li>\n<\/ul>\n<\/li>\n<li>Relacionarse con los mensajes oficiales emitidos por la RSPR\n<ul>\n<li>Observar la mensajer\u00eda emitida por la RSPR en su p\u00e1gina de internet\u00a0<a href=\"http:\/\/redsismica.uprm.edu\/\">http:\/\/redsismica.uprm.edu<\/a><\/li>\n<li>Seguir la publicaci\u00f3n de mensajer\u00eda a trav\u00e9s de las redes Sociales de la RSPR (Facebook y Twitter)<\/li>\n<\/ul>\n<\/li>\n<li>Completar las Evaluaciones del Ejercicio CARIBE WAVE 2026\n<ul>\n<li>Completar las evaluaciones electr\u00f3nicas de la RSPR antes del 4 de abril de 2026 (usando como base la informaci\u00f3n recopilada en sus hojas de Evaluaci\u00f3n de Comunicaciones del Ejercicio de la Red S\u00edsmica de Puerto Rico) a trav\u00e9s de la p\u00e1gina oficial del ejercicio:<a href=\"about:blank\">http:\/\/caribewave.uprm.edu\/index.php\/puerto-rico\/evaluaciones\/<\/a><\/li>\n<\/ul>\n<\/li>\n<\/ol>\n<p>&nbsp;[\/vc_column_text][\/vc_column][\/vc_row][vc_row margin_top=&#8221;32&#8243;][vc_column width=&#8221;2\/3&#8243;][vc_custom_heading text=&#8221;Agencias de emergencia&#8221; font_container=&#8221;tag:h1|text_align:left&#8221; google_fonts=&#8221;font_family:Montserrat%3Aregular%2C700|font_style:400%20regular%3A400%3Anormal&#8221;][vc_column_text]<strong>\u00bfPor qu\u00e9 deben participar las agencias de emergencia?<\/strong><\/p>\n<p>\u00bfCu\u00e1les son las\u00a0<strong>agencias de emergencia en la Regi\u00f3n de Puerto Rico e Islas V\u00edrgenes<\/strong>?<\/p>\n<ul>\n<li><strong>Puerto Rico: <\/strong>Negociado de Manejo de Emergencias y Administraci\u00f3n de Desastres (NMEAD), Zonas u oficinas regionales de NMEAD y Oficinas Municipales para el Manejo de Emergencias (OMME)<\/li>\n<li><strong>Islas V\u00edrgenes Estadounidenses: <\/strong>Virgin Islands Territorial Emergency Management Agency (VITEMA)<\/li>\n<li><strong>Islas V\u00edrgenes Brit\u00e1nicas: <\/strong>Department of Disaster Management (DDM)<\/li>\n<\/ul>\n<p>Las agencias de emergencia en Puerto Rico e Islas V\u00edrgenes deben participar del Ejercicio CARIBE WAVE 2026 para probar sus sistemas de comunicaciones de emergencias, sus planes de respuesta a emergencias y sus planes de desalojo, entre otras actividades que los preparen para la respuesta a un posible tsunami en nuestra regi\u00f3n.\u00a0 No s\u00f3lo estas agencias deben participar, sino que tambi\u00e9n invitamos a otras agencias de emergencia en Puerto Rico e Islas V\u00edrgenes, como los son: Bomberos, Polic\u00eda, Emergencias M\u00e9dicas, Sistema 911, Departamento de Salud y otras agencias federales como FEMA.\u00a0 Cada agencia debe evaluar las formas de participar bas\u00e1ndose en el Manual Oficial del Ejercicio (IOC) y las instrucciones descritas en esta p\u00e1gina por la RSPR.\u00a0 Adem\u00e1s, deben determinar el tipo de participaci\u00f3n seg\u00fan los recursos que tengan disponibles.<\/p>\n<p><strong>NMEAD, las Zonas de NMEAD y las OMME\u2019s<\/strong>, para participar deben:<\/p>\n<ol>\n<li>Realizar al menos una de las pruebas de comunicaciones y documentar los tiempos de estas comunicaciones, por los diversos canales de comunicaci\u00f3n que tengan disponibles, como, por ejemplo:\n<ul>\n<li>Monitorear la mensajer\u00eda emitida por radiofrecuencia de NMEAD por la RSPR<\/li>\n<li>Monitorear la informaci\u00f3n emitida por Ring Down y Fax por la RSPR (s\u00f3lo para Control Estatal de NMEAD en Puerto Rico)<\/li>\n<li>Monitorear la informaci\u00f3n emitida por L\u00ednea Privada por la RSPR (para aquellas oficinas de manejo de emergencias seg\u00fan protocolo)<\/li>\n<li>Monitorear la mensajer\u00eda emitida por RSS por la RSPR (para aquellas oficinas de manejo de emergencia que tengan dicha herramienta)<\/li>\n<li>Monitorear la mensajer\u00eda emitida por email por la RSPR (s\u00f3lo para emails oficiales adscritos a la lista de emergencia de la RSPR)<\/li>\n<li>Monitorear la mensajer\u00eda emitida por mensaje de texto por la RSPR (s\u00f3lo para aquellos n\u00fameros adscritos a la lista de emergencia de la RSPR)<\/li>\n<li>Monitorear mensajer\u00eda emitida por Llamadas Autom\u00e1ticas de la RSPR (s\u00f3lo para aquellos n\u00fameros adscritos a la lista de emergencia de la RSPR)<\/li>\n<li>Monitorear activaci\u00f3n del radio NOAA del NWS (si tienen disponible)<\/li>\n<li>Monitorear activaci\u00f3n del EMWIN para el Mensaje Dummy Inicial del PTWC (para aquellas oficinas que tengan dicha herramienta)<\/li>\n<li>Continuar con el punto 1 de la secci\u00f3n\u00a0<em>Todas las Agencias de Emergencia<\/em><\/li>\n<\/ul>\n<\/li>\n<\/ol>\n<p><strong>VITEMA y DDM<\/strong>, para participar deben:<\/p>\n<ol>\n<li>Realizar al menos una de las pruebas de comunicaciones y documentar los tiempos de estas comunicaciones, por los diversos canales de comunicaci\u00f3n que tengan disponibles, como, por ejemplo:\n<ul>\n<li>Monitorear la informaci\u00f3n emitida por L\u00ednea Privada por la RSPR (para aquellas oficinas de manejo de emergencias seg\u00fan protocolo)<\/li>\n<li>Monitorear la mensajer\u00eda emitida por email por la RSPR (s\u00f3lo para emails oficiales adscritos a la lista de emergencia de la RSPR)<\/li>\n<li>Monitorear la mensajer\u00eda emitida por mensaje de texto por la RSPR (s\u00f3lo para aquellos n\u00fameros adscritos a la lista de emergencia de la RSPR)<\/li>\n<li>Monitorear mensajer\u00eda emitida por Llamadas Autom\u00e1ticas de la RSPR (s\u00f3lo para aquellos n\u00fameros adscritos a la lista de emergencia de la RSPR)<\/li>\n<li>Monitorear mensajer\u00eda de fax proveniente de la RSPR (para aquellas oficinas que las tengan disponibles)<\/li>\n<li>Monitorear activaci\u00f3n del radio NOAA del NWS (si tienen disponible)<\/li>\n<li>Monitorear activaci\u00f3n del EMWIN para el Mensaje Dummy Inicial del PTWC (para aquellas oficinas que tengan dicha herramienta)<\/li>\n<li>Continuar con el punto 1 de la secci\u00f3n\u00a0<em>Todas las Agencias de Emergencia<\/em><\/li>\n<\/ul>\n<\/li>\n<\/ol>\n<p><strong>Todas las Agencias de Emergencias<\/strong>\u00a0deben:<\/p>\n<ol>\n<li>Relacionarse con los mensajes oficiales emitidos por la RSPR, el PTWC y el NWS:\n<ul>\n<li>Monitorear la mensajer\u00eda emitida por la RSPR en su p\u00e1gina de internet\u00a0<a href=\"http:\/\/redsismica.uprm.edu\/\">http:\/\/redsismica.uprm.edu<\/a><\/li>\n<li>Monitorear la mensajer\u00eda oficial del ejercicio del PTWC (si es un TWFP para Puerto Rico o Islas V\u00edrgenes)<\/li>\n<li>Monitorear la emisi\u00f3n de mensajes de prueba por EAS, WEA y Radios NOAA (si aplica para el ejercicio)<\/li>\n<\/ul>\n<\/li>\n<li>Revisar y probar sus planes de respuesta a emergencia\n<ul>\n<li>Probar sus tiempos de respuesta a emergencias (si realizan simulacros)<\/li>\n<li>Probar y activar las\u00a0<strong>sirenas costeras fijas o\u00a0<\/strong><strong>m\u00f3viles\u00a0<\/strong>(si\u00a0tienen disponibles)<\/li>\n<\/ul>\n<\/li>\n<li>Coordinar la realizaci\u00f3n de uno de los 5 tipos de ejercicio en su \u00e1rea, regi\u00f3n o municipio (documentarlo e informarlo a la RSPR, NMEAD-PR, VITEMA-USVI o DDM-BVI):\n<ul>\n<li>Orientaci\u00f3n<\/li>\n<li>Simulacro (\u201cdrill\u201d)<\/li>\n<li>Ejercicio de simulaci\u00f3n o ejercicio de mesa (\u201ctabletop\u201d)<\/li>\n<li>Ejercicio funcional (\u201cFunctional Exercise\u201d):<\/li>\n<li>Ejercicio integral (\u201cFull-Scale Exercise\u201d)<\/li>\n<\/ul>\n<\/li>\n<li>Completar las Evaluaciones del Ejercicio y as\u00ed mejorar los tiempos de respuesta en nuestra \u00e1rea local.\n<ul>\n<li>Completar las evaluaciones electr\u00f3nicas de la RSPR antes del 31 de marzo de 2026 (usando como base la informaci\u00f3n recopilada en sus hojas de Evaluaci\u00f3n de Comunicaciones del Ejercicio de la Red S\u00edsmica de Puerto Rico) a trav\u00e9s de la p\u00e1gina oficial del ejercicio:<a href=\"http:\/\/www.prsn.uprm.edu\/caribewave\/evaluaciones\/\">http:\/\/caribewave.uprm.edu\/index.php\/puerto-rico\/evaluaciones\/<\/a><\/li>\n<li>Los Tsunami Warning Focal Point (TWFP) de cada territorio (Puerto Rico \/ Islas V\u00edrgenes) deben completar la evaluaci\u00f3n oficial del ejercicio de la IOC-UNESCO, antes 3 de abril de 2026.<\/li>\n<\/ul>\n<\/li>\n<\/ol>\n<p>[\/vc_column_text][\/vc_column][vc_column width=&#8221;1\/3&#8243;][vc_empty_space height=&#8221;100px&#8221;][vc_single_image image=&#8221;541&#8243; img_size=&#8221;medium&#8221; alignment=&#8221;center&#8221; style=&#8221;vc_box_rounded&#8221; onclick=&#8221;custom_link&#8221; css=&#8221;.vc_custom_1678917858366{padding-bottom: 12px !important;}&#8221; link=&#8221;http:\/\/caribewave.uprm.edu\/wp-content\/uploads\/2023\/03\/LISTA_DE_CONTROL_RELATIVA_A_LAS_RESPONSABILIDADES_DE_DESALOJO_EN_CASO_DE_TSUNAMI_PARA_LAS_AGENICAS_PUBLICAS_DE_RESPUESTA_A_DESASTRES_2023.pdf&#8221;][vc_column_text]Descarga los <em>Procedimientos De Operaci\u00f3n Est\u00e1ndar<\/em> presionando sobre la imagen.[\/vc_column_text][\/vc_column][\/vc_row][vc_row margin_top=&#8221;22&#8243;][vc_column width=&#8221;1\/2&#8243;][vc_single_image image=&#8221;555&#8243; img_size=&#8221;medium&#8221; alignment=&#8221;center&#8221; onclick=&#8221;custom_link&#8221; css=&#8221;.vc_custom_1520431177850{padding-bottom: 12px !important;}&#8221; link=&#8221;http:\/\/caribewave.uprm.edu\/wp-content\/uploads\/2016\/03\/6.Plan_salon.pdf&#8221;][vc_column_text]<\/p>\n<p style=\"text-align: center;\">Descarga <em>Informaci\u00f3n para el Plan de Emergencia del Sal\u00f3n de Clases<\/em> presionando sobre la imagen.<\/p>\n<p>[\/vc_column_text][\/vc_column][vc_column width=&#8221;1\/2&#8243;][vc_single_image image=&#8221;556&#8243; img_size=&#8221;medium&#8221; alignment=&#8221;center&#8221; onclick=&#8221;custom_link&#8221; css=&#8221;.vc_custom_1614784730441{padding-bottom: 12px !important;}&#8221; link=&#8221;http:\/\/caribewave.uprm.edu\/wp-content\/uploads\/2018\/06\/PlanDeEmergencias.pdf&#8221;][vc_column_text]<\/p>\n<p style=\"text-align: center;\">Descarga el <em>Plan de Emergencia Familiar<\/em> presionando sobre la imagen.<\/p>\n<p>[\/vc_column_text][\/vc_column][\/vc_row]<\/p>\n<\/div>","protected":false},"excerpt":{"rendered":"<p>[vc_row][vc_column width=&#8221;2\/3&#8243;][vc_custom_heading text=&#8221;\u00bfC\u00f3mo Participar?&#8221; font_container=&#8221;tag:h1|text_align:left&#8221; google_fonts=&#8221;font_family:Montserrat%3Aregular%2C700|font_style:400%20regular%3A400%3Anormal&#8221;][vc_column_text]La Red S\u00edsmica de Puerto Rico exhorta a todas las agencias estatales, federales, privadas, entidades educativas, facilidades de salud, medios de comunicaci\u00f3n, comunidades, familias y personas (de forma individual) en la regi\u00f3n de Puerto Rico y las Islas V\u00edrgenes a participar del\u00a0Ejercicio CARIBE WAVE 2026.\u00a0 Al participar de este ejercicio,&hellip;<\/p>\n","protected":false},"author":1,"featured_media":0,"parent":59,"menu_order":4,"comment_status":"closed","ping_status":"closed","template":"","meta":{"footnotes":""},"class_list":["post-61","page","type-page","status-publish","hentry","description-off"],"_links":{"self":[{"href":"https:\/\/caribewave.uprm.edu\/index.php\/wp-json\/wp\/v2\/pages\/61","targetHints":{"allow":["GET"]}}],"collection":[{"href":"https:\/\/caribewave.uprm.edu\/index.php\/wp-json\/wp\/v2\/pages"}],"about":[{"href":"https:\/\/caribewave.uprm.edu\/index.php\/wp-json\/wp\/v2\/types\/page"}],"author":[{"embeddable":true,"href":"https:\/\/caribewave.uprm.edu\/index.php\/wp-json\/wp\/v2\/users\/1"}],"replies":[{"embeddable":true,"href":"https:\/\/caribewave.uprm.edu\/index.php\/wp-json\/wp\/v2\/comments?post=61"}],"version-history":[{"count":34,"href":"https:\/\/caribewave.uprm.edu\/index.php\/wp-json\/wp\/v2\/pages\/61\/revisions"}],"predecessor-version":[{"id":5341,"href":"https:\/\/caribewave.uprm.edu\/index.php\/wp-json\/wp\/v2\/pages\/61\/revisions\/5341"}],"up":[{"embeddable":true,"href":"https:\/\/caribewave.uprm.edu\/index.php\/wp-json\/wp\/v2\/pages\/59"}],"wp:attachment":[{"href":"https:\/\/caribewave.uprm.edu\/index.php\/wp-json\/wp\/v2\/media?parent=61"}],"curies":[{"name":"wp","href":"https:\/\/api.w.org\/{rel}","templated":true}]}}